reatest common factor of 34336038 and 12408.
3102
What is the greatest common divisor of 359755 and 1837?
11
What is the highest common divisor of 2920458 and 9630?
642
Calculate the greatest common divisor of 762 and 6961251.
381
Calculate the highest common factor of 5104 and 7638832.
464
Calculate the highest common factor of 6370 and 14298739.
637
What is the greatest common factor of 44850 and 7345?
65
What is the greatest common factor of 33664900 and 400?
100
What is the highest common divisor of 1649784 and 54?
6
What is the greatest common divisor of 36153 and 121518576?
2781
What is the highest common factor of 4364148 and 399?
57
What is the greatest common factor of 15 and 15098385?
15
Calculate the greatest common factor of 244279763 and 233.
233
What is the highest common divisor of 597700 and 1529?
139
What is the highest common divisor of 20853 and 4364235?
2979
Calculate the highest common factor of 2090 and 23926510.
190
What is the greatest common divisor of 601050 and 15?
15
What is the highest common divisor of 20492 and 15677252?
436
What is the greatest common divisor of 2239692 and 10101?
273
Calculate the greatest common factor of 567993 and 32037.
177
Calculate the highest common factor of 14949550 and 1050.
350
Calculate the highest common factor of 350389 and 25298.
13
Calculate the highest common factor of 119660 and 8685.
965
What is the highest common factor of 2117818413 and 1333?
1333
Calculate the greatest common factor of 633 and 3533406.
633
What is the greatest common divisor of 30258 and 9138?
6
Calculate the highest common divisor of 3420 and 1806140.
380
What is the highest common divisor of 11999568 and 112?
112
What is the greatest common divisor of 7648 and 393632?
32
Calculate the greatest common factor of 115210519 and 11247.
3749
What is the greatest common factor of 3835 and 2067?
13
What is the highest common divisor of 91936 and 730864?
272
Calculate the highest common factor of 11644 and 446732.
284
What is the highest common divisor of 64 and 1568938272?
32
What is the highest common factor of 20743336 and 3419?
263
What is the highest common factor of 69012 and 32628?
12
What is the greatest common factor of 723 and 27856467?
723
What is the greatest common divisor of 3864 and 1265280?
24
What is the highest common divisor of 869 and 13398953?
79
What is the highest common factor of 472973397 and 934?
467
What is the highest common divisor of 14982 and 344?
2
What is the highest common factor of 26 and 33216599?
13
What is the greatest common divisor of 9075107 and 43?
43
What is the greatest common divisor of 955695 and 174?
87
Calculate the greatest common factor of 5256 and 67109922.
1314
Calculate the highest common factor of 1501878 and 2541.
21
What is the greatest common divisor of 503177 and 10071?
373
Calculate the greatest common divisor of 1763673 and 27.
3
Calculate the greatest common factor of 2672 and 616898.
334
Calculate the greatest common divisor of 1248 and 3341013.
39
Calculate the greatest common divisor of 2759 and 45133680.
89
Calculate the highest common divisor of 4596 and 216084.
12
What is the highest common divisor of 1351610752 and 2432?
2432
Calculate the highest common factor of 649300 and 103586.
302
What is the greatest common factor of 1781 and 2623127?
13
Calculate the greatest common divisor of 253264 and 1509511.
1439
Calculate the greatest common divisor of 115632 and 121077.
99
Calculate the greatest common divisor of 64523 and 3487097.
571
Calculate the greatest common divisor of 872 and 4145815.
109
What is the highest common divisor of 162 and 37611894?
6
Calculate the greatest common divisor of 14276 and 265355150.
7138
What is the greatest common factor of 11759 and 533797?
11
Calculate the highest common factor of 25730682 and 186.
186
Calculate the highest common factor of 38 and 819068872.
38
Calculate the greatest common divisor of 1137786 and 975.
39
Calculate the greatest common factor of 39932 and 216348.
596
Calculate the greatest common factor of 166779 and 876177.
2349
What is the greatest common divisor of 63 and 178753953?
21
Calculate the highest common divisor of 31771807 and 38223.
4247
What is the greatest common factor of 76216597 and 4558?
2279
What is the highest common factor of 689 and 9547057?
13
Calculate the greatest common divisor of 8127 and 1346072.
301
Calculate the greatest common factor of 7377425 and 55.
55
Calculate the highest common factor of 19916012 and 61.
61
What is the greatest common factor of 1816680 and 5880?
120
Calculate the highest common factor of 1943 and 889449053.
1943
What is the highest common factor of 233938 and 75?
1
Calculate the greatest common factor of 161210 and 305368.
98
What is the greatest common divisor of 656 and 1242013?
41
Calculate the greatest common factor of 109985904 and 540.
108
Calculate the greatest common factor of 15083739 and 209.
209
What is the greatest common divisor of 518565 and 195?
15
Calculate the greatest common divisor of 850 and 288492550.
850
What is the highest common divisor of 631392 and 5136?
48
Calculate the highest common divisor of 1152 and 43704384.
192
Calculate the highest common divisor of 84 and 1305372.
12
Calculate the greatest common divisor of 274417236 and 180.
36
What is the highest common factor of 2405 and 1057719?
481
What is the greatest common factor of 1207 and 29248024?
1207
Calculate the greatest common divisor of 57724500 and 2088.
348
What is the highest common factor of 137614210 and 3178?
454
Calculate the greatest common factor of 1346472 and 8982.
18
Calculate the greatest common divisor of 288027 and 7713.
9
What is the greatest common divisor of 4540 and 269521640?
4540
Calculate the greatest common factor of 116690290 and 10.
10
What is the greatest common divisor of 17340 and 32936820?
1020
What is the highest common divisor of 4224 and 2157177?
33
What is the greatest common divisor of 1007 and 161465401?
1007
Calculate the greatest common factor of 100073696 and 2176.
544
What is the highest common divisor of 1204 and 1892903?
43
Calculate the greatest common factor of 62 and 709351207.
31
Calculate the greatest common divisor of 564189 and 3111.
183
Calculate the highest common factor of 336 and 16215024.
336
What is the highest common factor of 71958 and 41540?
134
What is the highest common divisor of 45192 and 14406?
42
Calculate the highest common divisor of 38 and 150279607.
19
Calculate the highest common divisor of 3282188 and 104.
52
Calculate the highest common factor of 6178 and 30262933.
3089
Calculate the greatest common factor of 1595 and 1539668.
29
What is the highest common factor of 40 and 979808?
8
Calculate the greatest common factor of 210889324 and 8.
4
Calculate the greatest common factor of 108 and 36234060.
12
What is the greatest common divisor of 85152 and 50380713?
2661
Calculate the highest common divisor of 196677 and 54981.
369
Calculate the highest common divisor of 21294045 and 90.
45
Calculate the greatest common divisor of 9205373 and 94.
47
Calculate the highest common divisor of 98 and 12316934.
98
What is the highest common factor of 635 and 317945?
5
Calculate the greatest common factor of 10560 and 42526.
22
What is the greatest common factor of 122877804 and 2797?
2797
What is the greatest common divisor of 88939 and 26071?
31
Calculate the greatest common factor of 368874 and 4048.
506
Calculate the highest common factor of 372 and 438716340.
372
Calculate the greatest common factor of 33954855 and 1169885.
14095
Calculate the highest common factor of 4402 and 678776.
62
What is the greatest common divisor of 304112 and 33864?
664
Calculate the highest common divisor of 40 and 59468440.
40
What is the greatest common divisor of 250422150 and 480?
30
What is the greatest common factor of 399090846 and 66?
66
Calculate the greatest common factor of 72 and 3011598.
18
Calculate the greatest common factor of 665215 and 1547981.
571
What is the greatest common factor of 1743 and 64179003?
1743
What is the highest common divisor of 657 and 4735089?
9
What is the highest common divisor of 41 and 1891779647?
41
What is the highest common divisor of 55376 and 848?
16
What is the greate